ivided by 186?
3
Calculate the remainder when 84602 is divided by 627.
584
What is the remainder when 204177 is divided by 73?
69
What is the remainder when 3491 is divided by 15?
11
Calculate the remainder when 5863 is divided by 26.
13
What is the remainder when 6559 is divided by 6546?
13
Calculate the remainder when 87319 is divided by 766.
761
Calculate the remainder when 3608 is divided by 26.
20
What is the remainder when 251661 is divided by 14?
11
Calculate the remainder when 2679 is divided by 136.
95
What is the remainder when 28479 is divided by 16?
15
What is the remainder when 8277 is divided by 860?
537
Calculate the remainder when 2397 is divided by 6.
3
Calculate the remainder when 191503 is divided by 2176.
15
What is the remainder when 48744 is divided by 939?
855
Calculate the remainder when 55596 is divided by 617.
66
Calculate the remainder when 4980 is divided by 1231.
56
Calculate the remainder when 59003 is divided by 14748.
11
What is the remainder when 1810 is divided by 19?
5
Calculate the remainder when 8737 is divided by 43.
8
Calculate the remainder when 1090 is divided by 100.
90
Calculate the remainder when 56504 is divided by 273.
266
What is the remainder when 377198 is divided by 34290?
8
What is the remainder when 80295 is divided by 7?
5
Calculate the remainder when 138436 is divided by 5127.
7
What is the remainder when 322571 is divided by 1275?
1271
What is the remainder when 39776 is divided by 410?
6
What is the remainder when 19978 is divided by 170?
88
Calculate the remainder when 377160 is divided by 94288.
8
Calculate the remainder when 11645 is divided by 128.
125
What is the remainder when 41986 is divided by 3?
1
Calculate the remainder when 32082 is divided by 246.
102
What is the remainder when 47473 is divided by 87?
58
What is the remainder when 377673 is divided by 234?
231
What is the remainder when 437181 is divided by 3015?
6
Calculate the remainder when 26424 is divided by 551.
527
Calculate the remainder when 2877 is divided by 265.
227
Calculate the remainder when 14096 is divided by 12.
8
Calculate the remainder when 1276 is divided by 702.
574
Calculate the remainder when 92660 is divided by 33.
29
Calculate the remainder when 4040 is divided by 48.
8
Calculate the remainder when 83172 is divided by 165.
12
What is the remainder when 1977 is divided by 1551?
426
Calculate the remainder when 20434 is divided by 5.
4
Calculate the remainder when 153633 is divided by 54.
3
What is the remainder when 218063 is divided by 22?
21
What is the remainder when 69857 is divided by 33?
29
Calculate the remainder when 2557 is divided by 633.
25
What is the remainder when 2804635 is divided by 37?
35
Calculate the remainder when 1169729 is divided by 30.
29
Calculate the remainder when 2193 is divided by 50.
43
What is the remainder when 12302 is divided by 113?
98
What is the remainder when 1818549 is divided by 370?
369
Calculate the remainder when 37262 is divided by 145.
142
What is the remainder when 2153 is divided by 35?
18
Calculate the remainder when 18042 is divided by 21.
3
What is the remainder when 156 is divided by 23?
18
Calculate the remainder when 83372 is divided by 69.
20
Calculate the remainder when 1390 is divided by 673.
44
Calculate the remainder when 62843 is divided by 20921.
80
Calculate the remainder when 92082 is divided by 7.
4
Calculate the remainder when 26306 is divided by 19.
10
What is the remainder when 14310 is divided by 73?
2
What is the remainder when 11874 is divided by 158?
24
What is the remainder when 18464 is divided by 234?
212
Calculate the remainder when 1397 is divided by 78.
71
Calculate the remainder when 5853 is divided by 829.
50
What is the remainder when 2506669 is divided by 167?
166
What is the remainder when 1067988 is divided by 770?
768
Calculate the remainder when 46194 is divided by 4605.
144
Calculate the remainder when 33911 is divided by 6729.
266
Calculate the remainder when 71121 is divided by 8879.
89
Calculate the remainder when 4986 is divided by 620.
26
Calculate the remainder when 9684 is divided by 9638.
46
What is the remainder when 32379 is divided by 10784?
27
Calculate the remainder when 16666 is divided by 3969.
790
What is the remainder when 500003 is divided by 57?
56
Calculate the remainder when 671 is divided by 187.
110
Calculate the remainder when 25059 is divided by 64.
35
Calculate the remainder when 392352 is divided by 78469.
7
Calculate the remainder when 542430 is divided by 271214.
2
What is the remainder when 926 is divided by 180?
26
What is the remainder when 1739 is divided by 201?
131
Calculate the remainder when 20206 is divided by 505.
6
Calculate the remainder when 3144 is divided by 775.
44
Calculate the remainder when 10109 is divided by 251.
69
What is the remainder when 16735 is divided by 206?
49
What is the remainder when 20543 is divided by 20313?
230
Calculate the remainder when 121042 is divided by 24205.
17
Calculate the remainder when 815140 is divided by 155.
150
What is the remainder when 2178905 is divided by 1139?
1137
Calculate the remainder when 11860 is divided by 11818.
42
What is the remainder when 7336 is divided by 145?
86
What is the remainder when 44291 is divided by 414?
407
Calculate the remainder when 73275 is divided by 251.
234
What is the remainder when 1289108 is divided by 184158?
2
What is the remainder when 1121 is divided by 222?
11
What is the remainder when 35640 is divided by 55?
0
What is the remainder when 20216 is divided by 20201?
15
Calculate the remainder when 64344 is divided by 23.
13
Calculate the remainder when 92361 is divided by 99.
93
Calculate the remainder when 21114 is divided by 20979.
135
What is the remainder when 1554430 is divided by 1408?
1406
What is the remainder when 53871 is divided by 63?
6
What is the remainder when 12189 is divided by 3043?
17
What is the remainder when 41981 is divided by 97?
77
Calculate the remainder when 2329 is divided by 399.
334
What is the remainder when 106244 is divided by 15177?
5
What is the remainder when 2534 is divided by 506?
4
What is the remainder when 7518928 is divided by 17?
15
What is the remainder when 71151 is divided by 17785?
11
Calculate the remainder when 4181 is divided by 701.
676
What is the remainder when 20079 is divided by 20071?
8
Calculate the remainder when 71083 is divided by 67.
63
What is the remainder when 8689 is divided by 3?
1
Calculate the remainder when 4645 is divided by 930.
925
Calculate the remainder when 138458 is divided by 1775.
8
Calculate the remainder when 441485 is divided by 260.
5
What is the remainder when 1850645 is divided by 951?
950
What is the remainder when 26927 is divided by 364?
355
Calculate the remainder when 18970 is divided by 996.
46
What is the remainder when 4355 is divided by 67?
0
What is the remainder when 26991 is divided by 56?
55
What is the remainder when 3952 is divided by 292?
156
Calculate the remainder when 205547 is divided by 12.
11
What is the remainder when 173696 is divided by 8271?
5
Calculate the remainder when 152 is divided by 46.
14
Calculate the remainder when 1428153 is divided by 9.
6
What is the remainder when 6499 is divided by 463?
17
Calculate the remainder when 731 is divided by 90.
11
Calculate the remainder when 563 is divided by 123.
71
What is the remainder when 206811 is divided by 368?
363
Calculate the remainder when 3880 is divided by 21.
16
What is the remainder when 56808 is divided by 55?
48
What is the remainder when 3748 is divided by 250?
248
What is the remainder when 83812 is divided by 14?
8
Calculate the remainder when 246788 is divided by 6.
2
Calculate the remainder when 1184 is divided by 69.
11
What is the remainder when 8822 is divided by 1578?
932
What is the remainder when 626027 is divided by 208668?
23
What is the remainder when 71505 is divided by 35743?
19
Calculate the remainder when 2259 is divided by 322.
5
What is the remainder when 25038 is divided by 491?
488
Calculate the remainder when 526 is divided by 259.
8
What is the remainder when 209716 is divided by 422?
404
What is the remainder when 1487454 is divided by 801?
798
Calculate the remainder when 86309 is divided by 5